{"id":11,"date":"2020-12-13T00:31:16","date_gmt":"2020-12-12T23:31:16","guid":{"rendered":"http:\/\/auberge.puycapel.fr\/?page_id=11"},"modified":"2026-01-17T06:34:25","modified_gmt":"2026-01-17T05:34:25","slug":"restaurant","status":"publish","type":"page","link":"https:\/\/auberge.puycapel.fr\/index.php\/restaurant\/","title":{"rendered":"Restaurant"},"content":{"rendered":"\n<div class=\"wp-block-cover\"><img decoding=\"async\" class=\"wp-block-cover__image-background wp-image-43\" alt=\"\" src=\"https:\/\/auberge.puycapel.fr\/wp-content\/uploads\/2020\/12\/AUBERGE-1-ext.jpg\" data-object-fit=\"cover\"\/><span aria-hidden=\"true\" class=\"wp-block-cover__background has-background-dim\"><\/span><div class=\"wp-block-cover__inner-container is-layout-flow wp-block-cover-is-layout-flow\">\n<p class=\"has-text-align-center has-large-font-size\"><img loading=\"lazy\" decoding=\"async\" height=\"16\" width=\"16\" alt=\"\ud83c\udf7d\ufe0f\" src=\"https:\/\/static.xx.fbcdn.net\/images\/emoji.php\/v9\/t98\/1\/16\/1f37d.png\"> D\u00e9couvrez nos menus de la semaine !<\/p>\n\n\n\n<p><img loading=\"lazy\" decoding=\"async\" height=\"16\" width=\"16\" src=\"https:\/\/static.xx.fbcdn.net\/images\/emoji.php\/v9\/t7e\/1\/16\/1f4c5.png\" alt=\"\ud83d\udcc5\"> Du lundi midi au vendredi midi pour le Menu du jour \u00e0 19.90\u20ac<\/p>\n\n\n\n<p><img loading=\"lazy\" decoding=\"async\" height=\"16\" width=\"16\" src=\"https:\/\/static.xx.fbcdn.net\/images\/emoji.php\/v9\/t7e\/1\/16\/1f4c5.png\" alt=\"\ud83d\udcc5\"> Samedi midi et soir et Dimanche midi pour le menu Bistronomique \u00e0 39\u20ac en trois services<\/p>\n\n\n\n<p>Chaque jour, on vous propose un menu savoureux, pr\u00e9par\u00e9 avec des produits frais et de saison. Que vous soyez amateur de cuisine traditionnelle ou \u00e0 la recherche de nouvelles saveurs, il y en a pour tous les go\u00fbts !<\/p>\n\n\n\n<p><img loading=\"lazy\" decoding=\"async\" height=\"16\" width=\"16\" src=\"https:\/\/static.xx.fbcdn.net\/images\/emoji.php\/v9\/t51\/1\/16\/1f449.png\" alt=\"\ud83d\udc49\"> Menus disponibles uniquement le midi, du lundi au vendredi \u00e0 19.90\u20ac<\/p>\n\n\n\n<p><img loading=\"lazy\" decoding=\"async\" height=\"16\" width=\"16\" alt=\"\ud83d\udece\ufe0f\" src=\"https:\/\/static.xx.fbcdn.net\/images\/emoji.php\/v9\/t30\/1\/16\/1f6ce.png\"> Sous r\u00e9serve de disponibilit\u00e9s \u2013 premiers arriv\u00e9s, premiers servis !<\/p>\n\n\n\n<p>Pensez \u00e0 r\u00e9server ou \u00e0 venir t\u00f4t pour profiter de votre plat pr\u00e9f\u00e9r\u00e9 <img loading=\"lazy\" decoding=\"async\" height=\"16\" width=\"16\" alt=\"\ud83d\ude09\" src=\"https:\/\/static.xx.fbcdn.net\/images\/emoji.php\/v9\/t57\/1\/16\/1f609.png\"><\/p>\n\n\n\n<p>Pour le Week-End, le samedi midi et soir et dimanche midi menu bistronomique \u00e0 39\u20ac, en trois services, r\u00e9servation obligatoire<\/p>\n\n\n\n<p><\/p>\n<\/div><\/div>\n\n\n\n<p><\/p>\n\n\n\n<figure class=\"wp-block-image size-full is-resized\"><img loading=\"lazy\" decoding=\"async\" width=\"402\" height=\"569\" src=\"https:\/\/auberge.puycapel.fr\/wp-content\/uploads\/2026\/01\/menu-st-valentin-2026-2.jpg\" alt=\"\" class=\"wp-image-283\" style=\"width:768px;height:auto\" srcset=\"https:\/\/auberge.puycapel.fr\/wp-content\/uploads\/2026\/01\/menu-st-valentin-2026-2.jpg 402w, https:\/\/auberge.puycapel.fr\/wp-content\/uploads\/2026\/01\/menu-st-valentin-2026-2-212x300.jpg 212w\" sizes=\"auto, (max-width: 402px) 100vw, 402px\" \/><\/figure>\n","protected":false},"excerpt":{"rendered":"<div class=\"link-more\"><a href=\"https:\/\/auberge.puycapel.fr\/index.php\/restaurant\/\" class=\"more-link\">Continue reading<span class=\"screen-reader-text\"> &ldquo;Restaurant&rdquo;<\/span>&hellip;<\/a><\/div>\n","protected":false},"author":3,"featured_media":189,"parent":0,"menu_order":0,"comment_status":"closed","ping_status":"closed","template":"","meta":{"footnotes":""},"class_list":["post-11","page","type-page","status-publish","has-post-thumbnail","hentry","entry"],"jetpack_sharing_enabled":true,"_links":{"self":[{"href":"https:\/\/auberge.puycapel.fr\/index.php\/wp-json\/wp\/v2\/pages\/11","targetHints":{"allow":["GET"]}}],"collection":[{"href":"https:\/\/auberge.puycapel.fr\/index.php\/wp-json\/wp\/v2\/pages"}],"about":[{"href":"https:\/\/auberge.puycapel.fr\/index.php\/wp-json\/wp\/v2\/types\/page"}],"author":[{"embeddable":true,"href":"https:\/\/auberge.puycapel.fr\/index.php\/wp-json\/wp\/v2\/users\/3"}],"replies":[{"embeddable":true,"href":"https:\/\/auberge.puycapel.fr\/index.php\/wp-json\/wp\/v2\/comments?post=11"}],"version-history":[{"count":8,"href":"https:\/\/auberge.puycapel.fr\/index.php\/wp-json\/wp\/v2\/pages\/11\/revisions"}],"predecessor-version":[{"id":284,"href":"https:\/\/auberge.puycapel.fr\/index.php\/wp-json\/wp\/v2\/pages\/11\/revisions\/284"}],"wp:featuredmedia":[{"embeddable":true,"href":"https:\/\/auberge.puycapel.fr\/index.php\/wp-json\/wp\/v2\/media\/189"}],"wp:attachment":[{"href":"https:\/\/auberge.puycapel.fr\/index.php\/wp-json\/wp\/v2\/media?parent=11"}],"curies":[{"name":"wp","href":"https:\/\/api.w.org\/{rel}","templated":true}]}}

<div class="wp-block-cover"><img decoding="async" class="wp-block-cover__image-background wp-image-43" alt="" src="https://auberge.puycapel.fr/wp-content/uploads/2020/12/AUBERGE-1-ext.jpg" data-object-fit="cover"/><span aria-hidden="true" class="wp-block-cover__background has-background-dim"></span><div class="wp-block-cover__inner-container is-layout-flow wp-block-cover-is-layout-flow">
<p class="has-text-align-center has-large-font-size"><img loading="lazy" decoding="async" height="16" width="16" alt="🍽️" src="https://static.xx.fbcdn.net/images/emoji.php/v9/t98/1/16/1f37d.png"> Découvrez nos menus de la semaine !</p>



<p><img loading="lazy" decoding="async" height="16" width="16" src="https://static.xx.fbcdn.net/images/emoji.php/v9/t7e/1/16/1f4c5.png" alt="📅"> Du lundi midi au vendredi midi pour le Menu du jour à 19.90€</p>



<p><img loading="lazy" decoding="async" height="16" width="16" src="https://static.xx.fbcdn.net/images/emoji.php/v9/t7e/1/16/1f4c5.png" alt="📅"> Samedi midi et soir et Dimanche midi pour le menu Bistronomique à 39€ en trois services</p>



<p>Chaque jour, on vous propose un menu savoureux, préparé avec des produits frais et de saison. Que vous soyez amateur de cuisine traditionnelle ou à la recherche de nouvelles saveurs, il y en a pour tous les goûts !</p>



<p><img loading="lazy" decoding="async" height="16" width="16" src="https://static.xx.fbcdn.net/images/emoji.php/v9/t51/1/16/1f449.png" alt="👉"> Menus disponibles uniquement le midi, du lundi au vendredi à 19.90€</p>



<p><img loading="lazy" decoding="async" height="16" width="16" alt="🛎️" src="https://static.xx.fbcdn.net/images/emoji.php/v9/t30/1/16/1f6ce.png"> Sous réserve de disponibilités – premiers arrivés, premiers servis !</p>



<p>Pensez à réserver ou à venir tôt pour profiter de votre plat préféré <img loading="lazy" decoding="async" height="16" width="16" alt="😉" src="https://static.xx.fbcdn.net/images/emoji.php/v9/t57/1/16/1f609.png"></p>



<p>Pour le Week-End, le samedi midi et soir et dimanche midi menu bistronomique à 39€, en trois services, réservation obligatoire</p>



<p></p>
</div></div>



<p></p>



<figure class="wp-block-image size-full is-resized"><img loading="lazy" decoding="async" width="402" height="569" src="https://auberge.puycapel.fr/wp-content/uploads/2026/01/menu-st-valentin-2026-2.jpg" alt="" class="wp-image-283" style="width:768px;height:auto" srcset="https://auberge.puycapel.fr/wp-content/uploads/2026/01/menu-st-valentin-2026-2.jpg 402w, https://auberge.puycapel.fr/wp-content/uploads/2026/01/menu-st-valentin-2026-2-212x300.jpg 212w" sizes="auto, (max-width: 402px) 100vw, 402px" /></figure>
